{"version":"1.0","provider_name":"Padre Edward Broom, OMV (P.Escobita)","provider_url":"https:\/\/fatherbroom.com\/es","author_name":"elvira325","author_url":"https:\/\/fatherbroom.com\/es\/author\/elvira325\/","title":"LECTURAS DEL DIA | 5 DE AGOSTO 2020 | Padre Edward Broom, OMV (P.Escobita)","type":"rich","width":600,"height":338,"html":"<blockquote class=\"wp-embedded-content\" data-secret=\"vh58oRIHja\"><a href=\"https:\/\/fatherbroom.com\/es\/2020\/08\/lecturas-del-dia-5-de-agosoto-2020\/\">LECTURAS DEL DIA | 5 DE AGOSTO 2020<\/a><\/blockquote><iframe sandbox=\"allow-scripts\" security=\"restricted\" src=\"https:\/\/fatherbroom.com\/es\/2020\/08\/lecturas-del-dia-5-de-agosoto-2020\/embed\/#?secret=vh58oRIHja\" width=\"600\" height=\"338\" title=\"\u00abLECTURAS DEL DIA | 5 DE AGOSTO 2020\u00bb \u2014 Padre Edward Broom, OMV (P.Escobita)\" data-secret=\"vh58oRIHja\" frameborder=\"0\" marginwidth=\"0\" marginheight=\"0\" scrolling=\"no\" class=\"wp-embedded-content\"><\/iframe><script type=\"text\/javascript\">\n\/* <![CDATA[ *\/\n\/*! This file is auto-generated *\/\n!function(d,l){\"use strict\";l.querySelector&&d.addEventListener&&\"undefined\"!=typeof URL&&(d.wp=d.wp||{},d.wp.receiveEmbedMessage||(d.wp.receiveEmbedMessage=function(e){var t=e.data;if((t||t.secret||t.message||t.value)&&!\/[^a-zA-Z0-9]\/.test(t.secret)){for(var s,r,n,a=l.querySelectorAll('iframe[data-secret=\"'+t.secret+'\"]'),o=l.querySelectorAll('blockquote[data-secret=\"'+t.secret+'\"]'),c=new RegExp(\"^https?:$\",\"i\"),i=0;i<o.length;i++)o[i].style.display=\"none\";for(i=0;i<a.length;i++)s=a[i],e.source===s.contentWindow&&(s.removeAttribute(\"style\"),\"height\"===t.message?(1e3<(r=parseInt(t.value,10))?r=1e3:~~r<200&&(r=200),s.height=r):\"link\"===t.message&&(r=new URL(s.getAttribute(\"src\")),n=new URL(t.value),c.test(n.protocol))&&n.host===r.host&&l.activeElement===s&&(d.top.location.href=t.value))}},d.addEventListener(\"message\",d.wp.receiveEmbedMessage,!1),l.addEventListener(\"DOMContentLoaded\",function(){for(var e,t,s=l.querySelectorAll(\"iframe.wp-embedded-content\"),r=0;r<s.length;r++)(t=(e=s[r]).getAttribute(\"data-secret\"))||(t=Math.random().toString(36).substring(2,12),e.src+=\"#?secret=\"+t,e.setAttribute(\"data-secret\",t)),e.contentWindow.postMessage({message:\"ready\",secret:t},\"*\")},!1)))}(window,document);\n\/* ]]> *\/\n<\/script>\n","description":"Mi\u00e9rcoles de la XVII semana del Tiempo ordinario Primera lectura Jer 31, 1-7 \u201cEn aquel tiempo, dice el Se\u00f1or,yo ser\u00e9 el Dios de todas las tribus de Israely ellos ser\u00e1n mi pueblo. El pueblo de Israel, que se libr\u00f3 de la espada,hall\u00f3 misericordia en el desiertoy camina hacia el descanso;el Se\u00f1or se le apareci\u00f3 de [&hellip;]","thumbnail_url":"https:\/\/fatherbroom.com\/es\/wp-content\/media\/sites\/3\/Screen-Shot-2020-08-06-at-10.25.40-PM.png","thumbnail_width":1638,"thumbnail_height":920}

Miércoles de la XVII semana del Tiempo ordinario Primera lectura Jer 31, 1-7 “En aquel tiempo, dice el Señor,yo seré el Dios de todas las tribus de Israely ellos serán mi pueblo. El pueblo de Israel, que se libró de la espada,halló misericordia en el desiertoy camina hacia el descanso;el Señor se le apareció de [&hellip;]
