{"version":"1.0","provider_name":"Padre Edward Broom, OMV (P.Escobita)","provider_url":"https:\/\/fatherbroom.com\/es","author_name":"elvira325","author_url":"https:\/\/fatherbroom.com\/es\/author\/elvira325\/","title":"LECTURAS DEL DIA | 6 DE AGOSTO 2020 | Padre Edward Broom, OMV (P.Escobita)","type":"rich","width":600,"height":338,"html":"<blockquote class=\"wp-embedded-content\" data-secret=\"cU56rquB3w\"><a href=\"https:\/\/fatherbroom.com\/es\/2020\/08\/23645\/\">LECTURAS DEL DIA | 6 DE AGOSTO 2020<\/a><\/blockquote><iframe sandbox=\"allow-scripts\" security=\"restricted\" src=\"https:\/\/fatherbroom.com\/es\/2020\/08\/23645\/embed\/#?secret=cU56rquB3w\" width=\"600\" height=\"338\" title=\"\u00abLECTURAS DEL DIA | 6 DE AGOSTO 2020\u00bb \u2014 Padre Edward Broom, OMV (P.Escobita)\" data-secret=\"cU56rquB3w\" frameborder=\"0\" marginwidth=\"0\" marginheight=\"0\" scrolling=\"no\" class=\"wp-embedded-content\"><\/iframe><script type=\"text\/javascript\">\n\/* <![CDATA[ *\/\n\/*! This file is auto-generated *\/\n!function(d,l){\"use strict\";l.querySelector&&d.addEventListener&&\"undefined\"!=typeof URL&&(d.wp=d.wp||{},d.wp.receiveEmbedMessage||(d.wp.receiveEmbedMessage=function(e){var t=e.data;if((t||t.secret||t.message||t.value)&&!\/[^a-zA-Z0-9]\/.test(t.secret)){for(var s,r,n,a=l.querySelectorAll('iframe[data-secret=\"'+t.secret+'\"]'),o=l.querySelectorAll('blockquote[data-secret=\"'+t.secret+'\"]'),c=new RegExp(\"^https?:$\",\"i\"),i=0;i<o.length;i++)o[i].style.display=\"none\";for(i=0;i<a.length;i++)s=a[i],e.source===s.contentWindow&&(s.removeAttribute(\"style\"),\"height\"===t.message?(1e3<(r=parseInt(t.value,10))?r=1e3:~~r<200&&(r=200),s.height=r):\"link\"===t.message&&(r=new URL(s.getAttribute(\"src\")),n=new URL(t.value),c.test(n.protocol))&&n.host===r.host&&l.activeElement===s&&(d.top.location.href=t.value))}},d.addEventListener(\"message\",d.wp.receiveEmbedMessage,!1),l.addEventListener(\"DOMContentLoaded\",function(){for(var e,t,s=l.querySelectorAll(\"iframe.wp-embedded-content\"),r=0;r<s.length;r++)(t=(e=s[r]).getAttribute(\"data-secret\"))||(t=Math.random().toString(36).substring(2,12),e.src+=\"#?secret=\"+t,e.setAttribute(\"data-secret\",t)),e.contentWindow.postMessage({message:\"ready\",secret:t},\"*\")},!1)))}(window,document);\n\/* ]]> *\/\n<\/script>\n","description":"Fiesta de la Transfiguraci\u00f3n del Se\u00f1or Primera lectura Dn 7, 9-10. 13-14 Yo, Daniel, tuve una visi\u00f3n nocturna:Vi que colocaban unos tronosy un anciano se sent\u00f3.Su vestido era blanco como la nieve,y sus cabellos, blancos como lana.Su trono, llamas de fuego,con ruedas encendidas.Un r\u00edo de fuego brotaba delante de \u00e9l.Miles y miles lo serv\u00edan,millones y [&hellip;]","thumbnail_url":"https:\/\/fatherbroom.com\/es\/wp-content\/media\/sites\/3\/Screen-Shot-2020-08-05-at-8.18.35-PM.png","thumbnail_width":1280,"thumbnail_height":720}

Fiesta de la Transfiguración del Señor Primera lectura Dn 7, 9-10. 13-14 Yo, Daniel, tuve una visión nocturna:Vi que colocaban unos tronosy un anciano se sentó.Su vestido era blanco como la nieve,y sus cabellos, blancos como lana.Su trono, llamas de fuego,con ruedas encendidas.Un río de fuego brotaba delante de él.Miles y miles lo servían,millones y [&hellip;]
