{"version":"1.0","provider_name":"Padre Edward Broom, OMV (P.Escobita)","provider_url":"https:\/\/fatherbroom.com\/es","author_name":"Fr. Ed Broom, OMV","author_url":"https:\/\/fatherbroom.com\/es\/author\/frbroom1212\/","title":"LECTURAS DEL DIA Y CATECISMO | 4 JULIO 2020 | Padre Edward Broom, OMV (P.Escobita)","type":"rich","width":600,"height":338,"html":"<blockquote class=\"wp-embedded-content\" data-secret=\"H92RggeMlr\"><a href=\"https:\/\/fatherbroom.com\/es\/2020\/07\/lecturas-del-dia-y-catecismo-4-julio-2020\/\">LECTURAS DEL DIA Y CATECISMO | 4 JULIO 2020<\/a><\/blockquote><iframe sandbox=\"allow-scripts\" security=\"restricted\" src=\"https:\/\/fatherbroom.com\/es\/2020\/07\/lecturas-del-dia-y-catecismo-4-julio-2020\/embed\/#?secret=H92RggeMlr\" width=\"600\" height=\"338\" title=\"\u00abLECTURAS DEL DIA Y CATECISMO | 4 JULIO 2020\u00bb \u2014 Padre Edward Broom, OMV (P.Escobita)\" data-secret=\"H92RggeMlr\" frameborder=\"0\" marginwidth=\"0\" marginheight=\"0\" scrolling=\"no\" class=\"wp-embedded-content\"><\/iframe><script type=\"text\/javascript\">\n\/* <![CDATA[ *\/\n\/*! This file is auto-generated *\/\n!function(d,l){\"use strict\";l.querySelector&&d.addEventListener&&\"undefined\"!=typeof URL&&(d.wp=d.wp||{},d.wp.receiveEmbedMessage||(d.wp.receiveEmbedMessage=function(e){var t=e.data;if((t||t.secret||t.message||t.value)&&!\/[^a-zA-Z0-9]\/.test(t.secret)){for(var s,r,n,a=l.querySelectorAll('iframe[data-secret=\"'+t.secret+'\"]'),o=l.querySelectorAll('blockquote[data-secret=\"'+t.secret+'\"]'),c=new RegExp(\"^https?:$\",\"i\"),i=0;i<o.length;i++)o[i].style.display=\"none\";for(i=0;i<a.length;i++)s=a[i],e.source===s.contentWindow&&(s.removeAttribute(\"style\"),\"height\"===t.message?(1e3<(r=parseInt(t.value,10))?r=1e3:~~r<200&&(r=200),s.height=r):\"link\"===t.message&&(r=new URL(s.getAttribute(\"src\")),n=new URL(t.value),c.test(n.protocol))&&n.host===r.host&&l.activeElement===s&&(d.top.location.href=t.value))}},d.addEventListener(\"message\",d.wp.receiveEmbedMessage,!1),l.addEventListener(\"DOMContentLoaded\",function(){for(var e,t,s=l.querySelectorAll(\"iframe.wp-embedded-content\"),r=0;r<s.length;r++)(t=(e=s[r]).getAttribute(\"data-secret\"))||(t=Math.random().toString(36).substring(2,12),e.src+=\"#?secret=\"+t,e.setAttribute(\"data-secret\",t)),e.contentWindow.postMessage({message:\"ready\",secret:t},\"*\")},!1)))}(window,document);\n\/* ]]> *\/\n<\/script>\n","description":"4 de julio 2020 S\u00e1bado de la XIII semana del Tiempo ordinario Primera lectura Am 9, 11-15 Esto dice el Se\u00f1or:\u201cAquel d\u00eda renovar\u00e9 la casa de David convertida en ruinas,tapar\u00e9 sus brechas, levantar\u00e9 sus murosy la reconstruir\u00e9 como era en otros tiempos,para que entre en posesi\u00f3n de lo que queda de Edomy de todas las [&hellip;]","thumbnail_url":"https:\/\/fatherbroom.com\/es\/wp-content\/media\/sites\/3\/Screen-Shot-2020-07-03-at-6.32.24-PM.png","thumbnail_width":1634,"thumbnail_height":918}

4 de julio 2020 Sábado de la XIII semana del Tiempo ordinario Primera lectura Am 9, 11-15 Esto dice el Señor:“Aquel día renovaré la casa de David convertida en ruinas,taparé sus brechas, levantaré sus murosy la reconstruiré como era en otros tiempos,para que entre en posesión de lo que queda de Edomy de todas las [&hellip;]
