{"version":"1.0","provider_name":"Padre Edward Broom, OMV (P.Escobita)","provider_url":"https:\/\/fatherbroom.com\/es","author_name":"Fr. Ed Broom, OMV","author_url":"https:\/\/fatherbroom.com\/es\/author\/frbroom1212\/","title":"El Santo Padre, Los Obispos, y la Iglesia | Padre Edward Broom, OMV (P.Escobita)","type":"rich","width":600,"height":338,"html":"<blockquote class=\"wp-embedded-content\" data-secret=\"dsGqBw3wRG\"><a href=\"https:\/\/fatherbroom.com\/es\/2013\/02\/el-santo-padre-los-obispos-y-la-iglesia\/\">El Santo Padre, Los Obispos, y la Iglesia<\/a><\/blockquote><iframe sandbox=\"allow-scripts\" security=\"restricted\" src=\"https:\/\/fatherbroom.com\/es\/2013\/02\/el-santo-padre-los-obispos-y-la-iglesia\/embed\/#?secret=dsGqBw3wRG\" width=\"600\" height=\"338\" title=\"\u00abEl Santo Padre, Los Obispos, y la Iglesia\u00bb \u2014 Padre Edward Broom, OMV (P.Escobita)\" data-secret=\"dsGqBw3wRG\" frameborder=\"0\" marginwidth=\"0\" marginheight=\"0\" scrolling=\"no\" class=\"wp-embedded-content\"><\/iframe><script type=\"text\/javascript\">\n\/* <![CDATA[ *\/\n\/*! This file is auto-generated *\/\n!function(d,l){\"use strict\";l.querySelector&&d.addEventListener&&\"undefined\"!=typeof URL&&(d.wp=d.wp||{},d.wp.receiveEmbedMessage||(d.wp.receiveEmbedMessage=function(e){var t=e.data;if((t||t.secret||t.message||t.value)&&!\/[^a-zA-Z0-9]\/.test(t.secret)){for(var s,r,n,a=l.querySelectorAll('iframe[data-secret=\"'+t.secret+'\"]'),o=l.querySelectorAll('blockquote[data-secret=\"'+t.secret+'\"]'),c=new RegExp(\"^https?:$\",\"i\"),i=0;i<o.length;i++)o[i].style.display=\"none\";for(i=0;i<a.length;i++)s=a[i],e.source===s.contentWindow&&(s.removeAttribute(\"style\"),\"height\"===t.message?(1e3<(r=parseInt(t.value,10))?r=1e3:~~r<200&&(r=200),s.height=r):\"link\"===t.message&&(r=new URL(s.getAttribute(\"src\")),n=new URL(t.value),c.test(n.protocol))&&n.host===r.host&&l.activeElement===s&&(d.top.location.href=t.value))}},d.addEventListener(\"message\",d.wp.receiveEmbedMessage,!1),l.addEventListener(\"DOMContentLoaded\",function(){for(var e,t,s=l.querySelectorAll(\"iframe.wp-embedded-content\"),r=0;r<s.length;r++)(t=(e=s[r]).getAttribute(\"data-secret\"))||(t=Math.random().toString(36).substring(2,12),e.src+=\"#?secret=\"+t,e.setAttribute(\"data-secret\",t)),e.contentWindow.postMessage({message:\"ready\",secret:t},\"*\")},!1)))}(window,document);\n\/* ]]> *\/\n<\/script>\n","description":"El Padre Broom habla sobre la resignaci\u00f3n del Papa. Al tomar esta decisi\u00f3n, el Papa Benedicto XVI examin\u00f3 su conciencia, y con mucha humildad, concluy\u00f3 que en los \u00faltimos meses su fuerza ha deteriorado demasiado. El Padre explica el proceso del c\u00f3nclave para votar al nuevo Papa en el Vaticano, Italia. Adem\u00e1s \u00e9l contesta las [&hellip;]","thumbnail_url":"http:\/\/fatherbroom.com\/es\/wp-content\/media\/sites\/3\/Ignatius_Loyola-2.jpg"}

El Padre Broom habla sobre la resignación del Papa. Al tomar esta decisión, el Papa Benedicto XVI examinó su conciencia, y con mucha humildad, concluyó que en los últimos meses su fuerza ha deteriorado demasiado. El Padre explica el proceso del cónclave para votar al nuevo Papa en el Vaticano, Italia. Además él contesta las [&hellip;]
