{"version":"1.0","provider_name":"Padre Edward Broom, OMV (P.Escobita)","provider_url":"https:\/\/fatherbroom.com\/es","author_name":"Fr. Ed Broom, OMV","author_url":"https:\/\/fatherbroom.com\/es\/author\/frbroom1212\/","title":"D\u00eda de San Valent\u00edn &amp; El Papa | Padre Edward Broom, OMV (P.Escobita)","type":"rich","width":600,"height":338,"html":"<blockquote class=\"wp-embedded-content\" data-secret=\"k3H9LYKUnD\"><a href=\"https:\/\/fatherbroom.com\/es\/2013\/02\/dia-de-san-valentin-el-papa\/\">D\u00eda de San Valent\u00edn &amp; El Papa<\/a><\/blockquote><iframe sandbox=\"allow-scripts\" security=\"restricted\" src=\"https:\/\/fatherbroom.com\/es\/2013\/02\/dia-de-san-valentin-el-papa\/embed\/#?secret=k3H9LYKUnD\" width=\"600\" height=\"338\" title=\"\u00abD\u00eda de San Valent\u00edn &amp; El Papa\u00bb \u2014 Padre Edward Broom, OMV (P.Escobita)\" data-secret=\"k3H9LYKUnD\" frameborder=\"0\" marginwidth=\"0\" marginheight=\"0\" scrolling=\"no\" class=\"wp-embedded-content\"><\/iframe><script type=\"text\/javascript\">\n\/* <![CDATA[ *\/\n\/*! This file is auto-generated *\/\n!function(d,l){\"use strict\";l.querySelector&&d.addEventListener&&\"undefined\"!=typeof URL&&(d.wp=d.wp||{},d.wp.receiveEmbedMessage||(d.wp.receiveEmbedMessage=function(e){var t=e.data;if((t||t.secret||t.message||t.value)&&!\/[^a-zA-Z0-9]\/.test(t.secret)){for(var s,r,n,a=l.querySelectorAll('iframe[data-secret=\"'+t.secret+'\"]'),o=l.querySelectorAll('blockquote[data-secret=\"'+t.secret+'\"]'),c=new RegExp(\"^https?:$\",\"i\"),i=0;i<o.length;i++)o[i].style.display=\"none\";for(i=0;i<a.length;i++)s=a[i],e.source===s.contentWindow&&(s.removeAttribute(\"style\"),\"height\"===t.message?(1e3<(r=parseInt(t.value,10))?r=1e3:~~r<200&&(r=200),s.height=r):\"link\"===t.message&&(r=new URL(s.getAttribute(\"src\")),n=new URL(t.value),c.test(n.protocol))&&n.host===r.host&&l.activeElement===s&&(d.top.location.href=t.value))}},d.addEventListener(\"message\",d.wp.receiveEmbedMessage,!1),l.addEventListener(\"DOMContentLoaded\",function(){for(var e,t,s=l.querySelectorAll(\"iframe.wp-embedded-content\"),r=0;r<s.length;r++)(t=(e=s[r]).getAttribute(\"data-secret\"))||(t=Math.random().toString(36).substring(2,12),e.src+=\"#?secret=\"+t,e.setAttribute(\"data-secret\",t)),e.contentWindow.postMessage({message:\"ready\",secret:t},\"*\")},!1)))}(window,document);\n\/* ]]> *\/\n<\/script>\n","description":"El Padre Broom habla sobre el D\u00eda de San Valent\u00edn y quienes son nuestros verdaderos amores, Jes\u00fas y Mar\u00eda. Tambi\u00e9n \u00e9l habla sobre la resignaci\u00f3n del Santo Padre Benedicto XVI que tomar\u00e1 efecto el 28 de febrero. Hay muchas razones por que dar gracias por este Papa que ama tanto a la Iglesia Cat\u00f3lica. Desde [&hellip;]","thumbnail_url":"http:\/\/fatherbroom.com\/es\/wp-content\/media\/sites\/3\/Ignatius_Loyola-2.jpg"}

Día de San Valentín &amp; El Papa | Padre Edward Broom, OMV (P.Escobita)

<blockquote class="wp-embedded-content" data-secret="k3H9LYKUnD"><a href="https://fatherbroom.com/es/2013/02/dia-de-san-valentin-el-papa/">Día de San Valentín &amp; El Papa</a></blockquote><iframe sandbox="allow-scripts" security="restricted" src="https://fatherbroom.com/es/2013/02/dia-de-san-valentin-el-papa/embed/#?secret=k3H9LYKUnD" width="600" height="338" title="«Día de San Valentín &amp; El Papa» — Padre Edward Broom, OMV (P.Escobita)" data-secret="k3H9LYKUnD" frameborder="0" marginwidth="0" marginheight="0" scrolling="no" class="wp-embedded-content"></iframe><script type="text/javascript">
/* <![CDATA[ */
/*! This file is auto-generated */
!function(d,l){"use strict";l.querySelector&&d.addEventListener&&"undefined"!=typeof URL&&(d.wp=d.wp||{},d.wp.receiveEmbedMessage||(d.wp.receiveEmbedMessage=function(e){var t=e.data;if((t||t.secret||t.message||t.value)&&!/[^a-zA-Z0-9]/.test(t.secret)){for(var s,r,n,a=l.querySelectorAll('iframe[data-secret="'+t.secret+'"]'),o=l.querySelectorAll('blockquote[data-secret="'+t.secret+'"]'),c=new RegExp("^https?:$","i"),i=0;i<o.length;i++)o[i].style.display="none";for(i=0;i<a.length;i++)s=a[i],e.source===s.contentWindow&&(s.removeAttribute("style"),"height"===t.message?(1e3<(r=parseInt(t.value,10))?r=1e3:~~r<200&&(r=200),s.height=r):"link"===t.message&&(r=new URL(s.getAttribute("src")),n=new URL(t.value),c.test(n.protocol))&&n.host===r.host&&l.activeElement===s&&(d.top.location.href=t.value))}},d.addEventListener("message",d.wp.receiveEmbedMessage,!1),l.addEventListener("DOMContentLoaded",function(){for(var e,t,s=l.querySelectorAll("iframe.wp-embedded-content"),r=0;r<s.length;r++)(t=(e=s[r]).getAttribute("data-secret"))||(t=Math.random().toString(36).substring(2,12),e.src+="#?secret="+t,e.setAttribute("data-secret",t)),e.contentWindow.postMessage({message:"ready",secret:t},"*")},!1)))}(window,document);
/* ]]> */
</script>

El Padre Broom habla sobre el Día de San Valentín y quienes son nuestros verdaderos amores, Jesús y María. También él habla sobre la resignación del Santo Padre Benedicto XVI que tomará efecto el 28 de febrero. Hay muchas razones por que dar gracias por este Papa que ama tanto a la Iglesia Católica. Desde [&hellip;]
