{"version":"1.0","provider_name":"Padre Edward Broom, OMV (P.Escobita)","provider_url":"https:\/\/fatherbroom.com\/es","author_name":"Fr. Ed Broom, OMV","author_url":"https:\/\/fatherbroom.com\/es\/author\/frbroom1212\/","title":"EL DON DE LA FE | Padre Edward Broom, OMV (P.Escobita)","type":"rich","width":600,"height":338,"html":"<blockquote class=\"wp-embedded-content\" data-secret=\"k2j57jPGzK\"><a href=\"https:\/\/fatherbroom.com\/es\/2012\/09\/gracias-por-el-don-de-la-fe\/\">EL DON DE LA FE<\/a><\/blockquote><iframe sandbox=\"allow-scripts\" security=\"restricted\" src=\"https:\/\/fatherbroom.com\/es\/2012\/09\/gracias-por-el-don-de-la-fe\/embed\/#?secret=k2j57jPGzK\" width=\"600\" height=\"338\" title=\"\u00abEL DON DE LA FE\u00bb \u2014 Padre Edward Broom, OMV (P.Escobita)\" data-secret=\"k2j57jPGzK\" frameborder=\"0\" marginwidth=\"0\" marginheight=\"0\" scrolling=\"no\" class=\"wp-embedded-content\"><\/iframe><script type=\"text\/javascript\">\n\/* <![CDATA[ *\/\n\/*! This file is auto-generated *\/\n!function(d,l){\"use strict\";l.querySelector&&d.addEventListener&&\"undefined\"!=typeof URL&&(d.wp=d.wp||{},d.wp.receiveEmbedMessage||(d.wp.receiveEmbedMessage=function(e){var t=e.data;if((t||t.secret||t.message||t.value)&&!\/[^a-zA-Z0-9]\/.test(t.secret)){for(var s,r,n,a=l.querySelectorAll('iframe[data-secret=\"'+t.secret+'\"]'),o=l.querySelectorAll('blockquote[data-secret=\"'+t.secret+'\"]'),c=new RegExp(\"^https?:$\",\"i\"),i=0;i<o.length;i++)o[i].style.display=\"none\";for(i=0;i<a.length;i++)s=a[i],e.source===s.contentWindow&&(s.removeAttribute(\"style\"),\"height\"===t.message?(1e3<(r=parseInt(t.value,10))?r=1e3:~~r<200&&(r=200),s.height=r):\"link\"===t.message&&(r=new URL(s.getAttribute(\"src\")),n=new URL(t.value),c.test(n.protocol))&&n.host===r.host&&l.activeElement===s&&(d.top.location.href=t.value))}},d.addEventListener(\"message\",d.wp.receiveEmbedMessage,!1),l.addEventListener(\"DOMContentLoaded\",function(){for(var e,t,s=l.querySelectorAll(\"iframe.wp-embedded-content\"),r=0;r<s.length;r++)(t=(e=s[r]).getAttribute(\"data-secret\"))||(t=Math.random().toString(36).substring(2,12),e.src+=\"#?secret=\"+t,e.setAttribute(\"data-secret\",t)),e.contentWindow.postMessage({message:\"ready\",secret:t},\"*\")},!1)))}(window,document);\n\/* ]]> *\/\n<\/script>\n","description":"Mediante ejemplos b\u00edblicos e hist\u00f3ricos, el Padre Broom predica sobre la importancia de tener buenas virtudes sobre todo, \u00a1gran Fe! En anticipaci\u00f3n del A\u00f1o de la Fe proclamado por el Papa Benedicto XVI, \u00e9l explica la urgencia para conocer a nuestra Fe Cat\u00f3lica. El 11 de octubre de 2012 comenzamos el A\u00f1o de la Fe. [&hellip;]","thumbnail_url":"http:\/\/fatherbroom.com\/es\/wp-content\/media\/sites\/3\/Ignatius_Loyola-2.jpg"}

Mediante ejemplos bíblicos e históricos, el Padre Broom predica sobre la importancia de tener buenas virtudes sobre todo, ¡gran Fe! En anticipación del Año de la Fe proclamado por el Papa Benedicto XVI, él explica la urgencia para conocer a nuestra Fe Católica. El 11 de octubre de 2012 comenzamos el Año de la Fe. [&hellip;]
